{"id":335,"date":"2025-12-30T17:14:59","date_gmt":"2025-12-30T17:14:59","guid":{"rendered":"https:\/\/lkfoto.dk\/?page_id=335"},"modified":"2026-01-21T16:33:15","modified_gmt":"2026-01-21T16:33:15","slug":"blaavand-7","status":"publish","type":"page","link":"https:\/\/lkfoto.dk\/?page_id=335","title":{"rendered":"Bl\u00e5vand"},"content":{"rendered":"\t\t<div data-elementor-type=\"wp-page\" data-elementor-id=\"335\" class=\"elementor elementor-335\">\n\t\t\t\t<div class=\"aux-parallax-section elementor-element elementor-element-d1f4499 e-grid e-con-boxed e-con e-parent\" data-id=\"d1f4499\" data-element_type=\"container\" data-e-type=\"container\">\n\t\t\t\t\t<div class=\"e-con-inner\">\n\t\t\t\t<div class=\"elementor-element elementor-element-59cc304 elementor-widget elementor-widget-aux_modern_heading\" data-id=\"59cc304\" data-element_type=\"widget\" data-e-type=\"widget\" data-widget_type=\"aux_modern_heading.default\">\n\t\t\t\t\t<section class=\"aux-widget-modern-heading\">\n            <div class=\"aux-widget-inner\"><h2 class=\"aux-modern-heading-primary\">Bl\u00e5vand<\/h2><div class=\"aux-modern-heading-divider\"><\/div><\/div>\n        <\/section>\t\t\t\t<\/div>\n\t\t\t\t<div class=\"elementor-element elementor-element-179e3a9 elementor-widget elementor-widget-aux-gallery\" data-id=\"179e3a9\" data-element_type=\"widget\" data-e-type=\"widget\" data-widget_type=\"aux-gallery.default\">\n\t\t\t\t\t<section class=\"widget-container aux-widget-gallery aux-parent-au71178649\"><div id='aux-gallery-1' class='aux-gallery galleryid-335 gallery-columns-4 aux-lightbox-gallery'><div class=\"aux-gallery-container aux-isotope-animated aux-row aux-de-col4 aux-tb-col2 aux-mb-col1 elementor-clickable aux-no-gutter aux-layout-masonry\"  data-pagination=\"false\" data-lazyload=\"false\" data-perpage=\"24\" data-layout=\"masonry\" data-space=\"10\" >    <figure class=\"gallery-item aux-hover-active aux-iso-item aux-col \">\n            <div class=\"aux-frame-mask-plain aux-frame-ratio \">\n                <a href=\"https:\/\/lkfoto.dk\/wp-content\/uploads\/2025\/12\/Blaavand-den-29-12-2025-008661-scaled.jpg\" class=\"aux-frame-ratio-inner aux-frame-darken aux-lightbox-btn \" data-elementor-open-lightbox=\"no\" data-original-width=\"2560\" data-original-height=\"1708\" data-caption=\"D\u00e5dyr i Bl\u00e5vand den 29.12.2025\">\n                                <div class=\"aux-hover-scale-circle-plus2\">\n                        <span class=\"aux-symbol-plus\"><\/span>\n                        <span class=\"aux-symbol-circle\"><\/span>\n                    <\/div>\n                        <img fetchpriority=\"high\" decoding=\"async\" width=\"300\" height=\"300\" src=\"https:\/\/lkfoto.dk\/wp-content\/uploads\/2025\/12\/Blaavand-den-29-12-2025-008661-scaled.jpg\" class=\"aux-attachment aux-featured-image attachment-300x300 aux-attachment-id-329 \" alt=\"D\u00e5dyr i Bl\u00e5vand den 29.12.2025\" srcset=\"https:\/\/lkfoto.dk\/wp-content\/uploads\/2025\/12\/Blaavand-den-29-12-2025-008661-150x150.jpg 150w,https:\/\/lkfoto.dk\/wp-content\/uploads\/2025\/12\/Blaavand-den-29-12-2025-008661-300x200.jpg 300w,https:\/\/lkfoto.dk\/wp-content\/uploads\/2025\/12\/Blaavand-den-29-12-2025-008661-768x512.jpg 768w,https:\/\/lkfoto.dk\/wp-content\/uploads\/2025\/12\/Blaavand-den-29-12-2025-008661-1024x683.jpg 1024w,https:\/\/lkfoto.dk\/wp-content\/uploads\/2025\/12\/Blaavand-den-29-12-2025-008661-scaled.jpg 300w,https:\/\/lkfoto.dk\/wp-content\/uploads\/2025\/12\/Blaavand-den-29-12-2025-008661-scaled-2550x2550.jpg 2550w\" data-ratio=\"1\" data-original-w=\"2560\" sizes=\"(max-width:767px) 100vw,(min-width:768px) and (max-width:1025px) 50vw,280px\" \/>                <\/a>\n            <\/div>\n                <\/figure>\n    <figure class=\"gallery-item aux-hover-active aux-iso-item aux-col \">\n            <div class=\"aux-frame-mask-plain aux-frame-ratio \">\n                <a href=\"https:\/\/lkfoto.dk\/wp-content\/uploads\/2025\/12\/Blaavand-den-29-12-2025-008609-scaled.jpg\" class=\"aux-frame-ratio-inner aux-frame-darken aux-lightbox-btn \" data-elementor-open-lightbox=\"no\" data-original-width=\"2560\" data-original-height=\"1708\" data-caption=\"Et tr\u00e6 p\u00e5 heden i Bl\u00e5vand den 29.11.2025\">\n                                <div class=\"aux-hover-scale-circle-plus2\">\n                        <span class=\"aux-symbol-plus\"><\/span>\n                        <span class=\"aux-symbol-circle\"><\/span>\n                    <\/div>\n                        <img decoding=\"async\" width=\"300\" height=\"300\" src=\"https:\/\/lkfoto.dk\/wp-content\/uploads\/2025\/12\/Blaavand-den-29-12-2025-008609-scaled.jpg\" class=\"aux-attachment aux-featured-image attachment-300x300 aux-attachment-id-327 \" alt=\"Et tr\u00e6 p\u00e5 heden i Bl\u00e5vand den 29.11.2025\" srcset=\"https:\/\/lkfoto.dk\/wp-content\/uploads\/2025\/12\/Blaavand-den-29-12-2025-008609-150x150.jpg 150w,https:\/\/lkfoto.dk\/wp-content\/uploads\/2025\/12\/Blaavand-den-29-12-2025-008609-300x200.jpg 300w,https:\/\/lkfoto.dk\/wp-content\/uploads\/2025\/12\/Blaavand-den-29-12-2025-008609-768x512.jpg 768w,https:\/\/lkfoto.dk\/wp-content\/uploads\/2025\/12\/Blaavand-den-29-12-2025-008609-1024x683.jpg 1024w,https:\/\/lkfoto.dk\/wp-content\/uploads\/2025\/12\/Blaavand-den-29-12-2025-008609-scaled.jpg 300w,https:\/\/lkfoto.dk\/wp-content\/uploads\/2025\/12\/Blaavand-den-29-12-2025-008609-scaled-2550x2550.jpg 2550w\" data-ratio=\"1\" data-original-w=\"2560\" sizes=\"(max-width:767px) 100vw,(min-width:768px) and (max-width:1025px) 50vw,280px\" \/>                <\/a>\n            <\/div>\n                <\/figure>\n    <figure class=\"gallery-item aux-hover-active aux-iso-item aux-col \">\n            <div class=\"aux-frame-mask-plain aux-frame-ratio \">\n                <a href=\"https:\/\/lkfoto.dk\/wp-content\/uploads\/2025\/12\/Blaavand-den-29-12-2025-008639-scaled.jpg\" class=\"aux-frame-ratio-inner aux-frame-darken aux-lightbox-btn \" data-elementor-open-lightbox=\"no\" data-original-width=\"2560\" data-original-height=\"1708\" data-caption=\"B\u00f8ffelstillingen i Bl\u00e5vand den 29.12.2025\">\n                                <div class=\"aux-hover-scale-circle-plus2\">\n                        <span class=\"aux-symbol-plus\"><\/span>\n                        <span class=\"aux-symbol-circle\"><\/span>\n                    <\/div>\n                        <img decoding=\"async\" width=\"300\" height=\"300\" src=\"https:\/\/lkfoto.dk\/wp-content\/uploads\/2025\/12\/Blaavand-den-29-12-2025-008639-scaled.jpg\" class=\"aux-attachment aux-featured-image attachment-300x300 aux-attachment-id-328 \" alt=\"B\u00f8ffelstillingen i Bl\u00e5vand den 29.12.2025\" srcset=\"https:\/\/lkfoto.dk\/wp-content\/uploads\/2025\/12\/Blaavand-den-29-12-2025-008639-150x150.jpg 150w,https:\/\/lkfoto.dk\/wp-content\/uploads\/2025\/12\/Blaavand-den-29-12-2025-008639-300x200.jpg 300w,https:\/\/lkfoto.dk\/wp-content\/uploads\/2025\/12\/Blaavand-den-29-12-2025-008639-768x512.jpg 768w,https:\/\/lkfoto.dk\/wp-content\/uploads\/2025\/12\/Blaavand-den-29-12-2025-008639-1024x683.jpg 1024w,https:\/\/lkfoto.dk\/wp-content\/uploads\/2025\/12\/Blaavand-den-29-12-2025-008639-scaled.jpg 300w,https:\/\/lkfoto.dk\/wp-content\/uploads\/2025\/12\/Blaavand-den-29-12-2025-008639-scaled-2550x2550.jpg 2550w\" data-ratio=\"1\" data-original-w=\"2560\" sizes=\"(max-width:767px) 100vw,(min-width:768px) and (max-width:1025px) 50vw,280px\" \/>                <\/a>\n            <\/div>\n                <\/figure>\n    <figure class=\"gallery-item aux-hover-active aux-iso-item aux-col \">\n            <div class=\"aux-frame-mask-plain aux-frame-ratio \">\n                <a href=\"https:\/\/lkfoto.dk\/wp-content\/uploads\/2025\/12\/Blaavand-den-29-12-2025-008494.jpg\" class=\"aux-frame-ratio-inner aux-frame-darken aux-lightbox-btn \" data-elementor-open-lightbox=\"no\" data-original-width=\"1441\" data-original-height=\"2160\" data-caption=\"Bl\u00e5vand Fyr set fra stranden den 29.11.2025\">\n                                <div class=\"aux-hover-scale-circle-plus2\">\n                        <span class=\"aux-symbol-plus\"><\/span>\n                        <span class=\"aux-symbol-circle\"><\/span>\n                    <\/div>\n                        <img loading=\"lazy\" decoding=\"async\" width=\"300\" height=\"300\" src=\"https:\/\/lkfoto.dk\/wp-content\/uploads\/2025\/12\/Blaavand-den-29-12-2025-008494.jpg\" class=\"aux-attachment aux-featured-image attachment-300x300 aux-attachment-id-326 \" alt=\"Bl\u00e5vand Fyr set fra stranden den 29.11.2025\" srcset=\"https:\/\/lkfoto.dk\/wp-content\/uploads\/2025\/12\/Blaavand-den-29-12-2025-008494-150x150.jpg 150w,https:\/\/lkfoto.dk\/wp-content\/uploads\/2025\/12\/Blaavand-den-29-12-2025-008494-200x300.jpg 200w,https:\/\/lkfoto.dk\/wp-content\/uploads\/2025\/12\/Blaavand-den-29-12-2025-008494-768x1151.jpg 512w,https:\/\/lkfoto.dk\/wp-content\/uploads\/2025\/12\/Blaavand-den-29-12-2025-008494-683x1024.jpg 683w,https:\/\/lkfoto.dk\/wp-content\/uploads\/2025\/12\/Blaavand-den-29-12-2025-008494.jpg 300w,https:\/\/lkfoto.dk\/wp-content\/uploads\/2025\/12\/Blaavand-den-29-12-2025-008494-1431x1431.jpg 1431w\" data-ratio=\"1\" data-original-w=\"1441\" sizes=\"(max-width:767px) 100vw,(min-width:768px) and (max-width:1025px) 50vw,280px\" \/>                <\/a>\n            <\/div>\n                <\/figure>\n    <figure class=\"gallery-item aux-hover-active aux-iso-item aux-col \">\n            <div class=\"aux-frame-mask-plain aux-frame-ratio \">\n                <a href=\"https:\/\/lkfoto.dk\/wp-content\/uploads\/2025\/12\/Blaavand-den-29-12-2025-008310-scaled.jpg\" class=\"aux-frame-ratio-inner aux-frame-darken aux-lightbox-btn \" data-elementor-open-lightbox=\"no\" data-original-width=\"2560\" data-original-height=\"1708\" data-caption=\"Havm\u00e5ge p\u00e5 Bl\u00e5vand Strand den 29.12.2025\">\n                                <div class=\"aux-hover-scale-circle-plus2\">\n                        <span class=\"aux-symbol-plus\"><\/span>\n                        <span class=\"aux-symbol-circle\"><\/span>\n                    <\/div>\n                        <img loading=\"lazy\" decoding=\"async\" width=\"300\" height=\"300\" src=\"https:\/\/lkfoto.dk\/wp-content\/uploads\/2025\/12\/Blaavand-den-29-12-2025-008310-scaled.jpg\" class=\"aux-attachment aux-featured-image attachment-300x300 aux-attachment-id-325 \" alt=\"Havm\u00e5ge p\u00e5 Bl\u00e5vand Strand den 29.12.2025\" srcset=\"https:\/\/lkfoto.dk\/wp-content\/uploads\/2025\/12\/Blaavand-den-29-12-2025-008310-150x150.jpg 150w,https:\/\/lkfoto.dk\/wp-content\/uploads\/2025\/12\/Blaavand-den-29-12-2025-008310-300x200.jpg 300w,https:\/\/lkfoto.dk\/wp-content\/uploads\/2025\/12\/Blaavand-den-29-12-2025-008310-768x512.jpg 768w,https:\/\/lkfoto.dk\/wp-content\/uploads\/2025\/12\/Blaavand-den-29-12-2025-008310-1024x683.jpg 1024w,https:\/\/lkfoto.dk\/wp-content\/uploads\/2025\/12\/Blaavand-den-29-12-2025-008310-scaled.jpg 300w,https:\/\/lkfoto.dk\/wp-content\/uploads\/2025\/12\/Blaavand-den-29-12-2025-008310-scaled-2550x2550.jpg 2550w\" data-ratio=\"1\" data-original-w=\"2560\" sizes=\"(max-width:767px) 100vw,(min-width:768px) and (max-width:1025px) 50vw,280px\" \/>                <\/a>\n            <\/div>\n                <\/figure>\n    <figure class=\"gallery-item aux-hover-active aux-iso-item aux-col \">\n            <div class=\"aux-frame-mask-plain aux-frame-ratio \">\n                <a href=\"https:\/\/lkfoto.dk\/wp-content\/uploads\/2025\/12\/Blaavand-den-29-12-2025-008242-scaled.jpg\" class=\"aux-frame-ratio-inner aux-frame-darken aux-lightbox-btn \" data-elementor-open-lightbox=\"no\" data-original-width=\"2560\" data-original-height=\"1708\" data-caption=\"Havm\u00e5ge p\u00e5 Bl\u00e5vand Strand den 29.12.2025\">\n                                <div class=\"aux-hover-scale-circle-plus2\">\n                        <span class=\"aux-symbol-plus\"><\/span>\n                        <span class=\"aux-symbol-circle\"><\/span>\n                    <\/div>\n                        <img loading=\"lazy\" decoding=\"async\" width=\"300\" height=\"300\" src=\"https:\/\/lkfoto.dk\/wp-content\/uploads\/2025\/12\/Blaavand-den-29-12-2025-008242-scaled.jpg\" class=\"aux-attachment aux-featured-image attachment-300x300 aux-attachment-id-324 \" alt=\"Havm\u00e5ge p\u00e5 Bl\u00e5vand Strand den 29.12.2025\" srcset=\"https:\/\/lkfoto.dk\/wp-content\/uploads\/2025\/12\/Blaavand-den-29-12-2025-008242-150x150.jpg 150w,https:\/\/lkfoto.dk\/wp-content\/uploads\/2025\/12\/Blaavand-den-29-12-2025-008242-300x200.jpg 300w,https:\/\/lkfoto.dk\/wp-content\/uploads\/2025\/12\/Blaavand-den-29-12-2025-008242-768x512.jpg 768w,https:\/\/lkfoto.dk\/wp-content\/uploads\/2025\/12\/Blaavand-den-29-12-2025-008242-1024x683.jpg 1024w,https:\/\/lkfoto.dk\/wp-content\/uploads\/2025\/12\/Blaavand-den-29-12-2025-008242-scaled.jpg 300w,https:\/\/lkfoto.dk\/wp-content\/uploads\/2025\/12\/Blaavand-den-29-12-2025-008242-scaled-2550x2550.jpg 2550w\" data-ratio=\"1\" data-original-w=\"2560\" sizes=\"(max-width:767px) 100vw,(min-width:768px) and (max-width:1025px) 50vw,280px\" \/>                <\/a>\n            <\/div>\n                <\/figure>\n<\/div><\/div><\/section><!-- widget-container --><style>.aux-parent-au71178649 .aux-frame-ratio { padding-bottom:75% }<\/style>\t\t\t\t<\/div>\n\t\t\t\t\t<\/div>\n\t\t\t\t<\/div>\n\t\t<div class=\"aux-parallax-section elementor-element elementor-element-ed1e950 e-grid e-con-boxed e-con e-parent\" data-id=\"ed1e950\" data-element_type=\"container\" data-e-type=\"container\">\n\t\t\t\t\t<div class=\"e-con-inner\">\n\t\t\t\t\t<\/div>\n\t\t\t\t<\/div>\n\t\t\t\t<\/div>\n\t\t","protected":false},"excerpt":{"rendered":"<p>Bl\u00e5vand<\/p>\n","protected":false},"author":1,"featured_media":0,"parent":0,"menu_order":0,"comment_status":"closed","ping_status":"closed","template":"","meta":{"_eb_attr":"","footnotes":""},"class_list":["post-335","page","type-page","status-publish","hentry"],"_links":{"self":[{"href":"https:\/\/lkfoto.dk\/index.php?rest_route=\/wp\/v2\/pages\/335","targetHints":{"allow":["GET"]}}],"collection":[{"href":"https:\/\/lkfoto.dk\/index.php?rest_route=\/wp\/v2\/pages"}],"about":[{"href":"https:\/\/lkfoto.dk\/index.php?rest_route=\/wp\/v2\/types\/page"}],"author":[{"embeddable":true,"href":"https:\/\/lkfoto.dk\/index.php?rest_route=\/wp\/v2\/users\/1"}],"replies":[{"embeddable":true,"href":"https:\/\/lkfoto.dk\/index.php?rest_route=%2Fwp%2Fv2%2Fcomments&post=335"}],"version-history":[{"count":25,"href":"https:\/\/lkfoto.dk\/index.php?rest_route=\/wp\/v2\/pages\/335\/revisions"}],"predecessor-version":[{"id":773,"href":"https:\/\/lkfoto.dk\/index.php?rest_route=\/wp\/v2\/pages\/335\/revisions\/773"}],"wp:attachment":[{"href":"https:\/\/lkfoto.dk\/index.php?rest_route=%2Fwp%2Fv2%2Fmedia&parent=335"}],"curies":[{"name":"wp","href":"https:\/\/api.w.org\/{rel}","templated":true}]}}